on factor of 7290 and 9.
9
Calculate the highest common factor of 514 and 8.
2
What is the greatest common factor of 9217 and 65?
13
What is the greatest common divisor of 98 and 112?
14
Calculate the highest common divisor of 12 and 21.
3
What is the highest common factor of 11 and 5313?
11
Calculate the greatest common divisor of 583 and 13939.
53
What is the highest common factor of 135 and 15?
15
What is the highest common factor of 14 and 1953?
7
What is the highest common divisor of 432 and 112?
16
What is the highest common factor of 18234 and 36?
18
What is the greatest common factor of 2397 and 51?
51
Calculate the greatest common factor of 4488 and 102.
102
What is the greatest common divisor of 5751 and 71?
71
Calculate the greatest common divisor of 341 and 1240.
31
What is the highest common factor of 120 and 920?
40
Calculate the greatest common divisor of 840 and 50.
10
Calculate the greatest common divisor of 20 and 10.
10
Calculate the highest common divisor of 80 and 4720.
80
What is the greatest common divisor of 65 and 21515?
65
What is the highest common divisor of 10481 and 223?
223
What is the greatest common factor of 81 and 567?
81
What is the highest common factor of 316 and 4?
4
Calculate the highest common factor of 2678 and 338.
26
What is the highest common divisor of 8208 and 76?
76
Calculate the greatest common divisor of 273 and 126.
21
Calculate the greatest common divisor of 72 and 16.
8
What is the highest common factor of 42 and 4347?
21
Calculate the highest common divisor of 874 and 138.
46
Calculate the greatest common divisor of 17912 and 24.
8
What is the highest common divisor of 2448 and 391?
17
Calculate the greatest common factor of 1352 and 104.
104
Calculate the highest common factor of 567 and 243.
81
Calculate the greatest common divisor of 117 and 5811.
39
Calculate the greatest common divisor of 5 and 1.
1
What is the greatest common divisor of 1917 and 3408?
213
Calculate the greatest common factor of 82 and 3854.
82
What is the highest common factor of 12 and 3796?
4
Calculate the greatest common divisor of 40 and 224.
8
What is the greatest common factor of 3828 and 12?
12
What is the highest common divisor of 1256 and 471?
157
Calculate the greatest common divisor of 7 and 14.
7
What is the highest common factor of 6254 and 236?
118
Calculate the highest common divisor of 404 and 606.
202
Calculate the greatest common divisor of 53289 and 279.
279
Calculate the highest common divisor of 5508 and 864.
108
Calculate the greatest common divisor of 50 and 950.
50
Calculate the greatest common divisor of 170 and 85.
85
Calculate the greatest common divisor of 35 and 15.
5
Calculate the greatest common divisor of 4672 and 73.
73
What is the highest common divisor of 2981 and 22?
11
Calculate the highest common divisor of 10 and 270.
10
Calculate the highest common divisor of 456 and 72.
24
Calculate the highest common divisor of 723 and 11086.
241
What is the greatest common divisor of 50 and 245?
5
Calculate the greatest common divisor of 76 and 608.
76
What is the highest common divisor of 341 and 11?
11
What is the highest common factor of 272 and 153?
17
What is the greatest common factor of 3933 and 342?
171
What is the greatest common divisor of 15522 and 78?
78
Calculate the greatest common factor of 75 and 540.
15
What is the highest common divisor of 30 and 255?
15
Calculate the highest common factor of 64 and 2080.
32
Calculate the greatest common factor of 42 and 532.
14
Calculate the highest common factor of 12 and 948.
12
What is the highest common factor of 1615 and 437?
19
What is the highest common divisor of 297 and 5511?
33
What is the highest common divisor of 17 and 1054?
17
What is the greatest common factor of 376 and 8?
8
Calculate the highest common factor of 242 and 110.
22
Calculate the greatest common factor of 40 and 1910.
10
What is the highest common factor of 345 and 5?
5
Calculate the highest common divisor of 11 and 2959.
11
What is the highest common divisor of 166 and 31?
1
Calculate the highest common factor of 312 and 234.
78
What is the greatest common factor of 27 and 3?
3
What is the highest common factor of 15484 and 711?
79
Calculate the highest common divisor of 1480 and 4255.
185
What is the highest common factor of 4215 and 45?
15
What is the greatest common factor of 11 and 308?
11
What is the highest common factor of 285 and 35625?
285
Calculate the highest common factor of 988 and 52.
52
Calculate the greatest common divisor of 6804 and 70.
14
What is the greatest common divisor of 322 and 112?
14
Calculate the highest common divisor of 212 and 28037.
53
Calculate the highest common divisor of 24 and 93.
3
What is the greatest common factor of 48 and 7512?
24
Calculate the greatest common divisor of 18 and 2718.
18
What is the greatest common divisor of 270 and 42795?
135
What is the highest common divisor of 105 and 49?
7
What is the highest common divisor of 145 and 348?
29
Calculate the greatest common factor of 1 and 19.
1
What is the greatest common divisor of 87 and 145?
29
What is the highest common divisor of 2 and 34?
2
Calculate the highest common divisor of 75 and 120.
15
What is the greatest common divisor of 1219 and 46?
23
What is the highest common factor of 135 and 75?
15
What is the greatest common factor of 116 and 116?
116
Calculate the greatest common factor of 194 and 2813.
97
What is the greatest common divisor of 1573 and 847?
121
What is the greatest common divisor of 35 and 20?
5
Calculate the highest common factor of 9 and 288.
9
Calculate the greatest common divisor of 28 and 21.
7
Calculate the greatest common divisor of 4 and 9242.
2
What is the highest common divisor of 99 and 432?
9
Calculate the greatest common factor of 258 and 6751.
43
What is the highest common divisor of 1348 and 3707?
337
What is the highest common factor of 12 and 516?
12
What is the highest common factor of 1224 and 272?
136
What is the highest common divisor of 112 and 88?
8
What is the highest common factor of 238 and 204?
34
Calculate the highest common divisor of 3515 and 740.
185
Calculate the highest common divisor of 120 and 2280.
120
What is the greatest common divisor of 80 and 6690?
10
Calculate the greatest common divisor of 166 and 2.
2
What is the highest common divisor of 168 and 63?
21
What is the highest common factor of 891 and 2835?
81
Calculate the greatest common factor of 2664 and 18.
18
What is the highest common divisor of 12096 and 960?
192
What is the highest common factor of 242 and 4961?
121
Calculate the highest common divisor of 537 and 3.
3
Calculate the highest common divisor of 29 and 3103.
29
What is the greatest common divisor of 141 and 47?
47
Calculate the highest common divisor of 36 and 1926.
18
What is the greatest common factor of 12 and 2262?
6
What is the greatest common factor of 16 and 906?
2
What is the highest common factor of 120 and 5592?
24
Calculate the highest common factor of 3337 and 47.
47
What is the greatest common divisor of 27229 and 146?
73
What is the greatest common factor of 185 and 60?
5
Calculate the greatest common divisor of 9078 and 102.
102
What is the greatest common divisor of 49700 and 142?
142
Calculate the highest common factor of 360 and 80.
40
Calculate the highest common factor of 240 and 48.
48
What is the greatest common factor of 7 and 2?
1
Calculate the greatest common divisor of 34 and 1666.
34
Calculate the greatest common divisor of 250 and 30.
10
Calculate the greatest common factor of 1984 and 256.
64
What is the greatest common divisor of 13 and 4979?
13
Calculate the greatest common divisor of 160 and 4880.
80
What is the highest common divisor of 88 and 198?
22
What is the highest common divisor of 282 and 940?
94
Calculate the greatest common divisor of 66 and 12507.
33
What is the greatest common divisor of 155 and 5?
5
What is the greatest common divisor of 5609 and 142?
71
Calculate the highest common divisor of 480 and 3072.
96
What is the highest common divisor of 144 and 20?
4
Calculate the highest common divisor of 27 and 3375.
27
Calculate the highest common divisor of 778 and 2.
2
What is the highest common factor of 87 and 87?
87
Calculate 